 s(m) = m**3 - 17*m**2 - 18*m + 5. Give s(18).
5
Let u(a) = 10*a + 2. Determine u(-4).
-38
Let f(m) = -9*m - 44. Give f(-3).
-17
Let b(n) = -n**2 + 5*n + 13. Determine b(6).
7
Let v(q) = q**2 + 5*q - 24. What is v(-8)?
0
Let t(z) = 61*z - 52. Calculate t(1).
9
Let j(d) = d**2 + 16*d - 27. Determine j(-17).
-10
Let m(j) = 8*j. Determine m(6).
48
Let u(d) = -5*d - 14. Determine u(-6).
16
Let i(x) = -3*x**3 + 2*x. Determine i(-2).
20
Let q(n) = -n**3 - 7*n**2 - n - 5. Determine q(-6).
-35
Let n(h) = 49*h + 845. Calculate n(-17).
12
Let o(d) = 3*d**2 + 26*d + 26. What is o(-11)?
103
Let x(q) = 23*q - 69. Determine x(3).
0
Let b(c) = -11*c - 106. What is b(-10)?
4
Let w(f) = -f**2 + 16*f - 16. Calculate w(15).
-1
Let z(w) = -w**2 + 27*w + 10. Calculate z(27).
10
Let o(u) = -96*u**2 + 8*u - 1. Calculate o(1).
-89
Let t(l) = l + 36. Determine t(-6).
30
Let y(b) = b**3 + 7*b**2 + 3*b + 6. Give y(-7).
-15
Let f(v) = v**2 + 11*v - 1. Determine f(-12).
11
Let q(x) = -4*x**2 + 10*x + 20. What is q(-2)?
-16
Let v(l) = -l**3 - 21*l**2 - 21*l + 30. Give v(-20).
50
Let g(f) = -f**3 - 9*f**2 - 2*f + 6. Calculate g(-9).
24
Let s(v) = v**3 + 4*v**2 + 5*v + 4. Calculate s(-3).
-2
Let k(l) = l**2 + l - 33. Determine k(0).
-33
Let z(n) = n**3 + 13*n**2 - 14*n + 3. Calculate z(-14).
3
Let o(z) = 4*z - 16. Give o(7).
12
Let j(q) = -q**2 + 18*q + 110. Determine j(-5).
-5
Let m(f) = -21*f + 313. What is m(16)?
-23
Let u(x) = -24*x - 171. What is u(-7)?
-3
Let i(p) = 14*p**2 - 292*p - 49. Give i(21).
-7
Let r(n) = -n - 15. Calculate r(5).
-20
Let t(k) = -14*k**2 - 4*k - 2. What is t(-1)?
-12
Let l(j) = -j**3 - 5*j**2 + 7*j - 4. What is l(-6)?
-10
Let d(h) = h**3 + 20*h - 38. Calculate d(2).
10
Let v(y) = y + 16. Determine v(-9).
7
Let u(i) = -i**3 + 8*i**2 - 7. Determine u(8).
-7
Let n(x) = 11*x - 423. What is n(39)?
6
Let k(h) = -5*h + 9. Give k(-10).
59
Let w(n) = -n**3 + 3*n**2 + 4*n - 3. What is w(4)?
-3
Let j(h) = -2*h**2 + 42*h - 25. What is j(23)?
-117
Let h(x) = -x**2 + 3*x - 17. Determine h(-9).
-125
Let s(p) = 2*p**2 - 10*p + 2. Determine s(4).
-6
Let a(q) = 5*q**2 + 29*q + 3. What is a(-5)?
-17
Let a(g) = -g**2 + 18*g + 85. What is a(21)?
22
Let i(a) = 2*a**3 + 12*a**2 - 7*a. Determine i(-6).
42
Let p(j) = -44*j - 400. Give p(-9).
-4
Let g(w) = 3*w**2 - w - 1. What is g(-3)?
29
Let v(i) = -20*i - 108. Give v(-6).
12
Let h(o) = o**3 + 5*o**2 + o + 2. Determine h(-5).
-3
Let f(z) = -z**2 + 6*z + 11. What is f(-2)?
-5
Let y(b) = -4*b**2 - 4*b - 5. Determine y(-2).
-13
Let j(v) = v**3 + 4*v**2 - 10*v - 16. Give j(-5).
9
Let r(a) = -2*a - 6. What is r(-11)?
16
Let x(d) = d**3 + 16*d**2 + 10*d - 78. What is x(-15)?
-3
Let l(h) = h**2 + 8*h - 37. Give l(-12).
11
Let l(n) = -n**3 - 2*n**2 + 5*n - 3. Give l(-4).
9
Let n(s) = -s**2 - 5*s + 1. Determine n(-7).
-13
Let r(k) = 2*k + 15. Calculate r(-6).
3
Let a(r) = r**3 - 17*r**2 - 22*r + 70. Determine a(18).
-2
Let a(b) = 5*b**2 + 10*b - 16. Determine a(5).
159
Let j(f) = -15*f - 135. Give j(-9).
0
Let h(z) = z**3 + 8*z**2 - 9*z + 1. What is h(-9)?
1
Let p(b) = b**3 - 12*b**2 - 15*b + 9. Give p(13).
-17
Let t(r) = -2*r**3 + 5*r**2 - 6*r + 9. Give t(3).
-18
Let n(k) = 6*k + 33. Calculate n(-5).
3
Let p(y) = -15*y - 182. What is p(-11)?
-17
Let p(l) = -l**3 + 14*l**2 + 6*l - 7. What is p(14)?
77
Let y(g) = g**2 - 11*g + 14. Determine y(12).
26
Let q(v) = 39*v. Give q(-1).
-39
Let a(w) = -3*w**3 + 10*w**2 + 3*w + 3. Determine a(4).
-17
Let a(n) = -12*n + 9. Give a(2).
-15
Let j(g) = -g**2 - 17*g - 9. Determine j(-16).
7
Let z(g) = 3*g - 13. What is z(4)?
-1
Let v(q) = q + 3. Determine v(2).
5
Let s(r) = 69*r + 1. Calculate s(-2).
-137
Let h(m) = m + 1. Give h(7).
8
Let c(f) = 40*f**2 + 3*f. What is c(-1)?
37
Let x(g) = -g**2 + 5*g - 4. Determine x(5).
-4
Let i(n) = -17*n - 261. Give i(-14).
-23
Let w(a) = 5*a**2 + 13*a + 8. Determine w(-3).
14
Let k(j) = -3*j**3 - 2*j**2 + 4*j + 14. Give k(-4).
158
Let k(v) = -8*v - 64. Calculate k(-7).
-8
Let n(c) = c**2 + 14*c + 24. Calculate n(-12).
0
Let i(y) = -y**3 - 3*y**2 + 8*y + 7. Determine i(-5).
17
Let o(m) = 2*m**3 - 2*m**2 - 1. Calculate o(-2).
-25
Let m(z) = z + 29. Give m(12).
41
Let u(n) = 5*n**2 + 21*n - 3. Calculate u(-3).
-21
Let s(h) = h**2 - 13*h - 15. Determine s(14).
-1
Let p(s) = -s**2 - 14*s - 14. Give p(-14).
-14
Let g(u) = -u**3 - 18. What is g(0)?
-18
Let u(c) = c**2 + 14*c - 7. Calculate u(-13).
-20
Let n(d) = -9*d - 7. Calculate n(-3).
20
Let o(p) = -p**2 + 2*p + 11. Calculate o(4).
3
Let b(p) = p**3 - p**2 - 2*p - 44. Give b(0).
-44
Let f(a) = a**3 - 4*a**2 + 4*a + 11. Calculate f(4).
27
Let y(u) = -6*u + 2. Calculate y(1).
-4
Let q(j) = -3*j + 145. Calculate q(56).
-23
Let o(l) = l**2 - 12*l + 12. Calculate o(10).
-8
Let d(g) = -4*g**2 + 2*g. Give d(1).
-2
Let b(v) = -v**2 + 4*v. Calculate b(6).
-12
Let h(x) = x**3 - 22*x**2 + 3*x + 1. What is h(22)?
67
Let v(g) = 5*g + 103. What is v(-16)?
23
Let v(p) = p**3 + 7*p**2 + 5*p - 1. What is v(-6)?
5
Let y(s) = -2*s**2 + 33*s - 13. Give y(16).
3
Let s(n) = n**2 - 13*n - 15. Calculate s(13).
-15
Let r(k) = 2*k + 19. What is r(-21)?
-23
Let l(s) = -2*s**2 - 12*s - 5. Give l(-5).
5
Let n(a) = -a**3 - 10*a**2 + 14*a + 4. Calculate n(-11).
-29
Let r(b) = 2*b**2 - 32*b + 121. Determine r(9).
-5
Let r(x) = x**3 - 15*x**2 + 54*x + 9. Give r(8).
-7
Let b(q) = 8*q**2 - q - 2. Determine b(-1).
7
Let g(w) = -w**2 + 5*w - 1. What is g(-1)?
-7
Let a(d) = d**3 - 16*d**2 + 15*d + 3. Determine a(15).
3
Let s(z) = -z**3 - 6*z**2 - z. What is s(-6)?
6
Let q(z) = -4*z**2 + 94*z - 41. Give q(23).
5
Let b(x) = x**3 + 56*x**2 + 55*x + 4. Calculate b(-55).
4
Let y(i) = -i**2 - 15*i - 23. Give y(-12).
13
Let x(w) = -w**2 + 20*w - 31. Give x(17).
20
Let z(k) = k**3 + k**2 + 16. Determine z(0).
16
Let r(a) = 6*a**2 - 4*a + 4. Give r(3).
46
Let b(u) = -u**3 - 4*u**2 + 64*u + 43. Give b(-10).
3
Let r(t) = t**3 + 9*t**2 + 3*t + 7. Give r(-9).
-20
Let p(i) = 28*i**3 + 3*i**2 + i - 3. Give p(-1).
-29
Let u(o) = -2*o**2 - 23*o + 28. Determine u(-13).
-11
Let h(v) = v - 5. What is h(10)?
5
Let p(k) = 2*k**2 + 19*k + 10. Determine p(-9).
1
Let o(g) = 6*g - 1. Determine o(-2).
-13
Let w(z) = z**3 - 3*z**2 + 1. Calculate w(3).
1
Let t(u) = 26*u - 19. What is t(1)?
7
Let d(y) = 557*y - 3348. Determine d(6).
-6
Let z(h) = h**3 - 3*h**2 - 5*h. Calculate z(-2).
-10
Let l(v) = -v**3 + 10*v**2 - 24*v - 4. Give l(6).
-4
Let c(k) = k - 3. Give c(6).
3
Let w(i) = 2*i**3 - 10*i**2 + 16*i + 1. Give w(5).
81
Let m(f) = -25*f + 22. Calculate m(3).
-53
Let r(j) = -j**3 - 12*j**2 + 14*j - 13. Determine r(-13).
-26
Let v(a) = -5*a**2 + 18*a + 28. Give v(5).
-7
Let w(p) = p**3 - 19*p**2 + p - 7. Determine w(19).
12
Let u(b) = -b - 16. Determine u(-11).
-5
Let c(x) = -x**2 + 2. Calculate c(-3).
-7
Let n(s) = -21*s**2 + 4*s + 5. Determine n(-1).
-20
Let x(b) = 7*b - 43. Determine x(5).
-8
Let g(x) = 219*x**3 + 2*x**2 - 1. Determine g(1).
220
Let o(w) = -13*w + 7. Calculate o(1).
-6
Let k(j) = j**2 - 11*j - 6. Calculate k(10).
-16
Let m(v) = -3*v**3 + 4*v**2 + 4*v - 3. What is m(-3)?
102
Let n(v) = -4*v + 4. What is n(3)?
-8
Let w(k) = k**2 - 4*k - 16. What is w(-5)?
29
Let j(s) = s**2 + 9*s + 10. Give j(-5).
-10
Let h(g) = 8*g - 4. What is h(3)?
20
Let u(s) = s**3 + s**2 - 5*s + 1. What is u(-3)?
-2
Let n(z) = 2*z**3 - z**2 - z + 2. Determine n(-2).
-16
Let q(i) = -6*i + 3. Calculate q(1).
-3
Let t(j) = -2*j**3 + 6*j - 7. Calculate t(2).
-11
Let h(k) = 9*k + 100. Calculate h(-8).
28
Let l(r) = -r - 5. What is l(-6)?
1
Let h(k) = k**3 + 2*k**2 - 5*k - 1. Determine h(-4).
-13
Let u(z) = z**3 + 16*z**2 - 3*z - 17. Calculate u(-16).
31
Let d(i) = 28*i + 289. Calculate d(-10).
9
Let u(w) = -2*w + 4. Determine u(-4).
12
Let l(p) = -2*p - 3. Determine l(-6).
9
Let d(b) = b**3 - 7*b**2 + 3*b + 17. Calculate d(6).
-1
Let g(c) = c**3 + 16*c**2 + 27*c - 6. Calculate g(-14).
8
Let l(u) = -u**2 + 10*u - 14. What is l(7)?
7
Let v(l) = l**3 + 21*l**2 + 18*l - 43. Calculate v(-20).
-3
Let p(q) = q**2 + 6*q - 7. Give p(-8).
9
Let v(y) = -7*y**2 + 30*y + 3. Calculate v(5).
-22
Let v(y) = -y**3 + 12*y**2 - 9*y - 25. Give v(11).
-3
Let g(s) = -s**2 - 13*s + 39. Give g(-15).
9
Let n(r) = r**3 + 2*r**2 + r + 1. Give n(-2).
-1
Let x(b) = -b**2 + 57*b - 752. Calculate x(36).
4
Let j(f)